{"id":2085,"date":"2012-05-28T15:54:50","date_gmt":"2012-05-28T13:54:50","guid":{"rendered":"http:\/\/www.islandwalking.com\/wordpress\/?page_id=2085"},"modified":"2026-03-04T14:31:29","modified_gmt":"2026-03-04T13:31:29","slug":"kas","status":"publish","type":"page","link":"https:\/\/www.islandwalking.com\/wordpress\/other-destinations\/kas\/","title":{"rendered":"Kas"},"content":{"rendered":"<h1 style=\"font-family: Courier New Bold, Courier, monospace;\" align=\"center\">KA\u015e &#8211; Turkey<\/h1>\n<div style=\"font-family: Courier New Bold, Courier, monospace;\">\n<p><span style=\"font-size: 24pt;\">K<\/span>as\u0327 is a very nice little town on the Turkish Mediterranean coast. One could call it a near Greek experience in several ways&#8230;<\/p>\n<p>Good food and wine is typical in this town, but check your options in e.g the Lonely Planet guide for the latest info.<br \/>\n<strong><br \/>\nSelected walks:<\/strong> For walking around Kas\u0327 take a look in &#8220;Turkish Coast &#8211; Kas\u0327 to Dalyan&#8221; by Michael Bussmann and Gabriele Tr\u00f6ger with walks by Dean Livesley. All references below are to this book (as \u201c\/Livesley\/\u201d, and PLEASE NOTE: when I refer to walk numbers in this book they are taken from the 3rd edition).<\/p>\n<\/div>\n<div style=\"font-family: Courier New Bold, Courier, monospace;\"><a href=\"https:\/\/www.islandwalking.com\/wordpress\/wp-content\/uploads\/2012\/05\/img_1542.jpg\"><img loading=\"lazy\" decoding=\"async\" class=\"aligncenter size-full wp-image-2102\" title=\"img_1542\" src=\"https:\/\/www.islandwalking.com\/wordpress\/wp-content\/uploads\/2012\/05\/img_1542.jpg\" alt=\"\" width=\"500\" height=\"375\" \/><\/a><\/div>\n<div style=\"font-family: Courier New Bold, Courier, monospace;\">\n<p><span style=\"font-size: 24pt;\">\u20221\u00a0<\/span>KA\u015e &#8211; LIMAN A\u011eZI LOOP (my total time 3h20; 357a 359d; net walking time 2h34): This is Walk 3 in \/Livesley\/.<\/p>\n<p>The walk is easy to follow. Waymarking is good. But a glitch in the book: &#8220;Continue through the farm yard, then take the path forking right beyond the buildings&#8230;&#8221;. No, fork LEFT immediately after the first farm building!<\/p>\n<p>For the vertiginous part there is now a proper climbing rope attached to the cliff wall, so it should not feel too bad.<\/p>\n<\/div>\n<div style=\"font-family: Courier New Bold, Courier, monospace;\"><a href=\"https:\/\/www.islandwalking.com\/wordpress\/wp-content\/uploads\/2012\/05\/img_1566.jpg\"><img loading=\"lazy\" decoding=\"async\" class=\"aligncenter size-full wp-image-2102\" title=\"img_1566\" src=\"https:\/\/www.islandwalking.com\/wordpress\/wp-content\/uploads\/2012\/05\/img_1566.jpg\" alt=\"\" width=\"375\" height=\"500\" \/><\/a><\/div>\n<div style=\"font-family: Courier New Bold, Courier, monospace;\">\n<p><span style=\"font-size: 24pt;\">\u20222\u00a0<\/span>KA\u015e &#8211; \u00c7UKURBA\u011e &#8211; KA\u015e (my total time 5h05; 736a 739d; net walking time 4h10): This is my adaption of (part of) Walk 6 in \/Livesley\/.<\/p>\n<p>The walk is easy to follow. Waymarking is good. The start of the walk was made unnecessarily difficult to find though, due to inaccuracies in the book and unlucky circumstances on my visit: &#8220;Continue up the hill&#8221;. No, turn left immediately after the Lion&#8217;s Tomb. And the day I did the walk the &#8220;Likya Cad&#8221; street sign here was turned 90 degrees clockwise&#8230; So beware.<\/p>\n<p>Wonderful views on this walk! And the huge plain over the mountain really came as a surprise. Who would have imagined that?<\/p>\n<\/div>\n<div style=\"font-family: Courier New Bold, Courier, monospace;\"><a href=\"https:\/\/www.islandwalking.com\/wordpress\/wp-content\/uploads\/2012\/05\/img_1605.jpg\"><img loading=\"lazy\" decoding=\"async\" class=\"aligncenter size-full wp-image-2102\" title=\"img_1605\" src=\"https:\/\/www.islandwalking.com\/wordpress\/wp-content\/uploads\/2012\/05\/img_1605.jpg\" alt=\"\" width=\"500\" height=\"375\" \/><\/a><\/div>\n<div style=\"font-family: Courier New Bold, Courier, monospace;\">\n<p><span style=\"font-size: 24pt;\">\u20223\u00a0<\/span>KA\u015e &#8211; BAYINDIR &#8211; UFAKDERE &#8211; LIMAN A\u011eZI &#8211; KA\u015e (my total time 5h38; 797a 805d; net walking time 4h48): This is Walk 2 in \/Livesley\/.<\/p>\n<p>An interesting walk, but not recommended due to aggressive loose dogs some time after Bay\u0131nd\u0131r.<\/p>\n<p>The map tracing before Bay\u0131nd\u0131r is really bad. Just continue until you see the little gorge you are supposed to enter. At Bay\u0131nd\u0131r the book is impossible to understand, just stroll the road instead. There is no traffic.<\/p>\n<p>The vertiginous ledge was nasty, but I survived at least. I liked the dogs less.<\/p>\n<\/div>\n<div style=\"font-family: Courier New Bold, Courier, monospace;\"><a href=\"https:\/\/www.islandwalking.com\/wordpress\/wp-content\/uploads\/2012\/05\/img_1654.jpg\"><img loading=\"lazy\" decoding=\"async\" class=\"aligncenter size-full wp-image-2102\" title=\"img_1654\" src=\"https:\/\/www.islandwalking.com\/wordpress\/wp-content\/uploads\/2012\/05\/img_1654.jpg\" alt=\"\" width=\"375\" height=\"500\" \/><\/a><\/div>\n<div style=\"font-family: Courier New Bold, Courier, monospace;\">\n<p><span style=\"font-size: 24pt;\">\u20224\u00a0<\/span>KA\u015e &#8211; LIMAN A\u011eZI &#8211; KA\u015e (my total time 4h27; 517a 528d; net walking time 3h39): This is Walk 2 Alt 3 in \/Livesley\/.<\/p>\n<p>The walk is pretty hard to follow. There was waymarking though (yellow and blue), and I just followed that instead of the book. The book was bascially impossible to comprehend, and I saw little of what the book talks about.<\/p>\n<p>Eventually the waymarked rough track seemed to completely end at a disused goat pen. This is the second goat pen you pass (or third if you count some fallen down buildings and walls that possibly also was used as animal shelters at the end of the plain). Be sure to pick up the proper track again slightly downhill and ahead.<\/p>\n<hr style=\"font-family: Courier New Bold, Courier, monospace;\" \/>\n<p style=\"font-family: Courier New Bold, Courier, monospace;\">\u2022 Good starting points: \u2022 The town itself<\/p>\n<p style=\"font-family: Courier New Bold, Courier, monospace;\">\u2022 How to get there: \u2022 By bus from Antalya or Fethiye<\/p>\n<p style=\"font-family: Courier New Bold, Courier, monospace;\">\u2022 More info: Sorry, none yet<\/p>\n<hr style=\"font-family: Courier New Bold, Courier, monospace;\" \/>\n<p style=\"font-family: Courier New Bold, Courier, monospace;\" align=\"left\"><span style=\"font-size: 24pt;\">T<\/span>his page was last modified at March 4, 2026.<\/p>\n<p style=\"font-family: Courier New Bold, Courier, monospace;\" align=\"left\">\u00a92012-2026 <script type=\"text\/javascript\" language=\"JavaScript\">\/\/ <![CDATA[\nvar name = \"harald.haugli\";\nvar s = name + \"@\" + \"islandwalking\" + \".\" + \"com\";\ndocument.write('<a href=\"'); document.write('ma'); document.write('il'); document.write('to:' + s + '\">');\ndocument.write('<i>Harald Haugli\\<\\\/i\\>\\<\\\/a\\>');\n\/\/ ]]><\/script>.<\/p>\n<\/div>\n","protected":false},"excerpt":{"rendered":"<p>KA\u015e &#8211; Turkey Kas\u0327 is a very nice little town on the Turkish Mediterranean coast. One could call it a near Greek experience in several ways&#8230; Good food and wine is typical in this town, but check your options in e.g the Lonely Planet guide for the latest info. Selected walks: For walking around Kas\u0327 &hellip; <a class=\"read-excerpt\" href=\"https:\/\/www.islandwalking.com\/wordpress\/other-destinations\/kas\/\">Continue reading <span class=\"meta-nav\">&raquo;<\/span><\/a><\/p>\n","protected":false},"author":1,"featured_media":2097,"parent":1317,"menu_order":0,"comment_status":"closed","ping_status":"closed","template":"","meta":{"footnotes":""},"class_list":["post-2085","page","type-page","status-publish","has-post-thumbnail","hentry"],"_links":{"self":[{"href":"https:\/\/www.islandwalking.com\/wordpress\/wp-json\/wp\/v2\/pages\/2085","targetHints":{"allow":["GET"]}}],"collection":[{"href":"https:\/\/www.islandwalking.com\/wordpress\/wp-json\/wp\/v2\/pages"}],"about":[{"href":"https:\/\/www.islandwalking.com\/wordpress\/wp-json\/wp\/v2\/types\/page"}],"author":[{"embeddable":true,"href":"https:\/\/www.islandwalking.com\/wordpress\/wp-json\/wp\/v2\/users\/1"}],"replies":[{"embeddable":true,"href":"https:\/\/www.islandwalking.com\/wordpress\/wp-json\/wp\/v2\/comments?post=2085"}],"version-history":[{"count":25,"href":"https:\/\/www.islandwalking.com\/wordpress\/wp-json\/wp\/v2\/pages\/2085\/revisions"}],"predecessor-version":[{"id":5808,"href":"https:\/\/www.islandwalking.com\/wordpress\/wp-json\/wp\/v2\/pages\/2085\/revisions\/5808"}],"up":[{"embeddable":true,"href":"https:\/\/www.islandwalking.com\/wordpress\/wp-json\/wp\/v2\/pages\/1317"}],"wp:featuredmedia":[{"embeddable":true,"href":"https:\/\/www.islandwalking.com\/wordpress\/wp-json\/wp\/v2\/media\/2097"}],"wp:attachment":[{"href":"https:\/\/www.islandwalking.com\/wordpress\/wp-json\/wp\/v2\/media?parent=2085"}],"curies":[{"name":"wp","href":"https:\/\/api.w.org\/{rel}","templated":true}]}}