{"id":1650,"date":"2012-03-01T11:48:39","date_gmt":"2012-03-01T10:48:39","guid":{"rendered":"http:\/\/www.islandwalking.com\/wordpress\/?page_id=1650"},"modified":"2026-03-09T16:15:10","modified_gmt":"2026-03-09T15:15:10","slug":"tenerife","status":"publish","type":"page","link":"https:\/\/www.islandwalking.com\/wordpress\/other-islands\/tenerife\/","title":{"rendered":"Tenerife"},"content":{"rendered":"<h1 style=\"text-align: center; font-family: Courier New Bold, Courier, monospace;\">TENERIFE &#8211; Canary Islands<\/h1>\n<div style=\"font-family: Courier New Bold, Courier, monospace;\" data-wp-editing=\"1\">\n<p><span style=\"font-size: 24pt;\">Y<\/span>ou know, the mountain does not come to you, it is you who must go to the mountain. And here you&#8217;ll find it, the magnificent &#8220;El Teide&#8221;&#8230; <span style=\"white-space: nowrap;\">\ud83d\ude09<\/span><\/p>\n<p><span style=\"font-size: 24pt;\">F<\/span>or walkers, the northern parts of Tenerife will have what is most interesting, even if the weather might be a little cooler and more unstable\u00a0here than in the more typical tourist areas in the south. Rain and fog is not uncommon. Luckily the fairly big but still very nice town of Puerto de la Cruz is beautifully situated just on the north coast. Its more genuine atmosphere and relaxed ways also makes it a favorite among many tourists.<\/p>\n<p><span style=\"font-size: 24pt;\">I<\/span>t also has endless possibilities of reasonable eating. But you should preferably stay away of Plaza Charco and the touristy pedestrian street Calle Viejo. Instead move one more block towards the sea, and\u00a0walk as far into the\u00a0old town as possible\u00a0along this street, the Calle de San Felipe, to find the Casa Antigua. The next street towards the sea also have some hidden gems. Then work, or more or less literally, eat your way back towards Plaza Charco during your stay. The last restaurant in that direction is Regulo. It is supposedly very good, but I have never gotten this far back myself&#8230;<\/p>\n<p><span style=\"font-size: 24pt;\">T<\/span>he &#8220;capital&#8221; Santa Cruz might also be used to have easier access to the Anaga peninsula.<\/p>\n<p><span style=\"font-size: 24pt;\">T<\/span>here are nice places in the south of the island as well, e.g Los Cristianos is surprisingly cosy. Superb tapas at &#8220;Mokelino&#8221; (a new and very modern place, at C.C. Ledesbell, Paseo Mar\u00edtimo 17) and &#8220;El Burgado&#8221; (a very traditional place, at Calle Juan XXIII 2). Even in Playa de Las Americas I did discover some superb dining. &#8220;El Faro&#8221; (Avenida Las Americas S\/N Parque Santiago V) is a very good pick. I had one of my best meals ever in the entire Canaries at that place. Try e.g. their &#8220;Fried Camenbert with Mulberry Sauce&#8221; as a starter, it is incredible&#8230;<\/p>\n<p><span style=\"font-size: 24pt;\">F<\/span>our areas can be singled out as essential to a walker. These are: The Orotava valley, Las Ca\u00f1adas (with El Teide), the Anaga range, and the Teno range. You can find my suggestions below, but the possibilities are nearly endless.<\/p>\n<p><b>Selected walks:<\/b> For walks on Tenerife take a look in Noel Rochford&#8217;s books &#8220;Landscapes of Tenerife&#8221; (referred to below as <span style=\"white-space: nowrap;\">&#8220;\/Rochford1\/&#8221;<\/span>, walk numbers etc. are taken from the <span style=\"font-weight: bold;\">8th edition<\/span> unless otherwise noted) and &#8220;Landscapes of La Gomera and Southern Tenerife&#8221;\u00a0(referred to below as <span style=\"white-space: nowrap;\">&#8220;\/Rochford2\/&#8221;<\/span>, walk numbers etc. are taken from the <span style=\"font-weight: bold;\">6th edition<\/span>). You should also check out &#8220;Tenerife Hiking Map&#8221; and &#8220;Walk! Tenerife&#8221; (referred to below\u00a0as \/Brawn\/) by Discovery Walking Guides. There is also &#8220;Walking in the Canaries Volume 1&#8221; by Paddy Dillon and &#8220;Tenerife&#8221; by Klaus and Annette Wolfsperger (referred to below as \/Wolfsperger\/). Tenerife is even mentioned in Lonely Planet&#8217;s &#8220;Walking in Spain&#8221;. I have done walks 1-6 below based in Puerto de la Cruz, walks 7-9 based in Santa Cruz, walks 10-15 from the Parador de Las Ca\u00f1adas del Teide and walks 16-17 based in Los Cristianos.<\/p>\n<p>UPDATE: As of 2018 \/Rochford2\/ is up to the 8th edition. Any comments I have will be added after each walk where this book was used.<\/p>\n<p><span style=\"font-size: 24pt;\">\u20221 <\/span>PUERTO DE LA CRUZ &#8211; CAF\u00c9 VISTA PARA\u00cdSO &#8211; PUERTO DE LA CRUZ (my total time 4h28, includes short stops for drinking and photography; +-564m, 4 laps): This is <span style=\"white-space: nowrap;\">\/Rochford1\/<\/span>&#8216;s walk 1, but adds the walk back to the Puerto. This walk is easy to find and follow and the instructions in the book are more than sufficient. Do bring good boots for the climb to the Caf\u00e9. I would say a walking stick is needed if you are going to follow my example and descend back the same way.<\/p>\n<p><span style=\"font-size: 24pt;\">\u20222\u00a0<\/span>LAS CARBONERAS &#8211; TABORNO &#8211; ROQUE DE TABORNO &#8211; TABORNO &#8211; CASA CARLOS &#8211; CRUZ DEL CARMEN &#8211; LAS MERCEDES (my total time 5h47, includes short stops for drinking and photography, as well as ONE HOUR LUNCH at Casa Carlos; +828m -747m, 4 laps):\u00a0This is <span style=\"white-space: nowrap;\">\/Rochford1\/<\/span>&#8216;s walk 24, but adds the walk from Casa Carlos to Las Mercedes, via Cruz del Carmen. The main parts of the walk are also walk 44 followed by walk 43 (in reverse) from \/Brawn\/. The last part of the walk, from Cruz del Carmen, is part of walk 41\u00a0in \/Brawn\/. If you are a fairly experienced walker you should have little problems doing the entire walk.<\/p>\n<p>The instructions in <span style=\"white-space: nowrap;\">\/Rochford1\/<\/span> should be more than sufficient for the walk from Las Carboneras via Taborno and Roque Taborno to Casa Carlos, but do follow them CAREFULLY.<\/p>\n<p>After lunch I continued by road to\u00a0Cruz del Carmen. The road is mostly wide and with little traffic so it is quite safe. Just take some care at a couple of blind corners.<\/p>\n<p>At Cruz del Carmen go left into the parking area and find the marked footpath to Las Mercedes. The path is for the most part wide, but it can be incredibly slippery after wet weather! At unmarked forks the correct way is invariably down and to the right. Cross the main road, and at the Las Mercedes Area Recreativa picnic area follow a sign slightly downwards and to the right, across the creek. This path will deposit you after 10 mins or so back onto the main road. Just walk down to the nearest bus stop. From Las Mercedes there are many buses towards La Laguna, most notably lines 70\/71.<\/p>\n<p><span style=\"font-size: 24pt;\">\u20223\u00a0<\/span>EL PORTILLO &#8211; PALO BLANCO (- REALEJO ALTO) (my total time 4h32, includes short stops for drinking and photography; +151m -1464m, 1 lap): This is <span style=\"white-space: nowrap;\">\/Rochford1\/<\/span>&#8216;s walk 13.\u00a0I have no notes that matches the route in the current edition of the book as it has changed quite a bit lately, partly caused by forest fire. Regardless, the route should be pretty clear.<\/p>\n<p>An added half hour to the time above takes you further down to Realejo Alto, where the are more buses. Most notably lines 390\/391 directly back to Puerto. Both the text and the map in the book outlines how to get there, and you should have no problems finding your way.<\/p>\n<p><span style=\"font-size: 24pt;\">\u20224 <\/span>ICOD EL ALTO &#8211; LA GUANCHA (my total time 5h58, includes short stops for drinking and photography; +813m -871m, 1 lap): This is <span style=\"white-space: nowrap;\">\/Rochford1\/<\/span>&#8216;s walk 15. No noteworthy problems en route.<\/p>\n<p>As you can see from my timings\u00a0above, the book exaggerates the length\u00a0of this walk a bit.<\/p>\n<p><span style=\"font-size: 24pt;\">\u20225\u00a0<\/span>LA CALDERA &#8211; LOMO DE LOS BREZOS &#8211; AGUAMANSA (my total time 4h20, includes short stops for drinking and photography; +631m -775m, 2 laps): This is <span style=\"white-space: nowrap;\">\/Rochford1\/<\/span>&#8216;s walk 6, or a variant of\u00a0walk 5 in \/Brawn\/ in reverse.<\/p>\n<p>The walk will take you above Los Organos and you will have exhilarating views down the valley (and into the local barrancos&#8230;), but there is really no need to worry. The path is rather good, and at the most vertiginous stretch a handrail is securely fastened to the cliff wall.<\/p>\n<p><span style=\"font-size: 24pt;\">\u20226\u00a0<\/span>LA MONTA\u00d1ETA DEL PALMAR &#8211; TENO ALTO &#8211; TENO BAJA &#8211; BUENAVISTA (duration 4h45mins): This is walk 20 in <span style=\"white-space: nowrap;\">\/Rochford1\/<\/span>. To ask the bus driver for La Monta\u00f1eta (or even &#8220;el camino para Teno Alto&#8221;) may not be a great success. Instead buy your ticket to El Palmar and walk the few meters up to the clearly visible sign for Teno Alto.<\/p>\n<p>The only real hazard on this walk may be the road back to Buenavista. The road itself is wide, mostly in excellent condition, and traffic is low. But beware that in windy and\/or rainy conditions the possibility of falling rocks and landslides will make this stretch risky! AND YOU MUST REMEMBER TO BRING A TORCH FOR THE TUNNEL.<\/p>\n<p>OBS: I did this walk last in 1999!<\/p>\n<p><span style=\"font-size: 24pt;\">\u20227\u00a0<\/span>CRUZ DEL CARMEN &#8211; PICO DEL INGL\u00c9S &#8211; SANTA CRUZ (my total time 4h33, includes short stops for drinking and photography; +100m -1026, 1 lap): This is <span style=\"white-space: nowrap;\">\/Rochford1\/<\/span>&#8216;s walk 26, just starting at Cruz del Carmen. I added the initial road walk because the walk looked rather short. This was before I realized that I could actually walk all the way back to my hotel without problems. So my timing goes all that way.<\/p>\n<p>No problems to note with this walk.<\/p>\n<p style=\"text-align: center;\"><img decoding=\"async\" style=\"width: 375px; height: 500px;\" src=\"https:\/\/www.islandwalking.com\/IMG_1031.jpg\" alt=\"\" \/><\/p>\n<p><span style=\"font-size: 24pt;\">\u20228\u00a0<\/span>IGUESTE DE SAN ANDR\u00c9S &#8211; SEM\u00c1FORO (+RETURN) (my total time 2h57, includes short stops for drinking, lots of time for photography, and a half hour break at the Sem\u00e1foro before returning; +-457m, 2 laps):\u00a0This is <span style=\"white-space: nowrap;\">\/Rochford1\/<\/span>&#8216;s walk 30 Short Walk 1.<\/p>\n<p>No problems to note with this walk.<\/p>\n<p><span style=\"font-size: 24pt;\">\u20229\u00a0<\/span>BARRANCO DEL R\u00cdO (my total time 2h27, includes short stops for drinking and photography; +-275m, 2 laps): This walk is part of <span style=\"white-space: nowrap;\">\/Rochford1\/<\/span>&#8216;s walk 22 Alternative Walk, going both up and returning back down the barranco itself.<\/p>\n<p>No problems to note with this walk, just follow the barranco up to where it meets the canal, then return back down. Be aware that the MAIN walk 22 is for suicide candidates only. The edge of the canal is only 15cms wide and there is rapid water inside it&#8230; Imagine balancing on that edge for a couple of hundred meters up the hillside!<\/p>\n<p style=\"text-align: center;\"><a href=\"https:\/\/www.islandwalking.com\/wordpress\/wp-content\/uploads\/2012\/03\/dsc00861.jpg\"><img loading=\"lazy\" decoding=\"async\" class=\"aligncenter size-full wp-image-3134\" src=\"https:\/\/www.islandwalking.com\/wordpress\/wp-content\/uploads\/2012\/03\/dsc00861.jpg\" alt=\"dsc00861\" width=\"500\" height=\"333\" srcset=\"https:\/\/www.islandwalking.com\/wordpress\/wp-content\/uploads\/2012\/03\/dsc00861.jpg 500w, https:\/\/www.islandwalking.com\/wordpress\/wp-content\/uploads\/2012\/03\/dsc00861-300x200.jpg 300w\" sizes=\"auto, (max-width: 500px) 100vw, 500px\" \/><\/a><\/p>\n<p><span style=\"font-size: 24pt;\">\u202210\u00a0<\/span>PARADOR DE LAS CA\u00d1ADAS &#8211; GUAJARA &#8211; PARADOR DE LAS CA\u00d1ADAS (my total time 4h44; 888a 881d; net walking time 3h35): This is walk 36 in \/Brawn\/ (See also walk 63 in \/Wolfsperger\/ and walk 12 in \/Rochford1\/). Be careful using guidebooks luring you onto a difficult and dangerous path. Use the safe route suggested by \/Brawn\/. Also mind that the top of Guajara, at 2715m, can be extremely cold and windy. Come prepared.<\/p>\n<p style=\"text-align: center;\"><a href=\"https:\/\/www.islandwalking.com\/wordpress\/wp-content\/uploads\/2012\/03\/DSC00892.jpg\"><img loading=\"lazy\" decoding=\"async\" class=\"aligncenter size-full wp-image-3136\" src=\"https:\/\/www.islandwalking.com\/wordpress\/wp-content\/uploads\/2012\/03\/DSC00892.jpg\" alt=\"DSC00892\" width=\"500\" height=\"333\" srcset=\"https:\/\/www.islandwalking.com\/wordpress\/wp-content\/uploads\/2012\/03\/DSC00892.jpg 500w, https:\/\/www.islandwalking.com\/wordpress\/wp-content\/uploads\/2012\/03\/DSC00892-300x200.jpg 300w\" sizes=\"auto, (max-width: 500px) 100vw, 500px\" \/><\/a><\/p>\n<p><span style=\"font-size: 24pt;\">\u202211\u00a0<\/span>PARADOR DE LAS CA\u00d1ADAS &#8211; EL PORTILLO\u00a0(my total time 3h20; 325a 411d; net walking time 3h01): This is walk 61 in \/Wolfsperger\/. Same as\u00a0walk 9 in <span style=\"white-space: nowrap;\">\/Rochford1\/<\/span>\u00a0or walk 37 in \/Brawn\/, but in reverse. A tremendous walk in an at best fantastic lunar landscape, with Teide looming over you. The walk is very easy to find and follow. But do bring warm clothes!<\/p>\n<p style=\"text-align: center;\"><a href=\"https:\/\/www.islandwalking.com\/wordpress\/wp-content\/uploads\/2012\/03\/DSC00909.jpg\"><img loading=\"lazy\" decoding=\"async\" class=\"aligncenter size-full wp-image-3138\" src=\"https:\/\/www.islandwalking.com\/wordpress\/wp-content\/uploads\/2012\/03\/DSC00909.jpg\" alt=\"DSC00909\" width=\"500\" height=\"333\" srcset=\"https:\/\/www.islandwalking.com\/wordpress\/wp-content\/uploads\/2012\/03\/DSC00909.jpg 500w, https:\/\/www.islandwalking.com\/wordpress\/wp-content\/uploads\/2012\/03\/DSC00909-300x200.jpg 300w\" sizes=\"auto, (max-width: 500px) 100vw, 500px\" \/><\/a><\/p>\n<p><span style=\"font-size: 24pt;\">\u202212\u00a0<\/span>PARADOR DE LAS CA\u00d1ADAS &#8211; MONTA\u00d1A MAJ\u00daA &#8211; PARADOR DE LAS CA\u00d1ADAS (my total time 3h08; 438a 421d; net walking time 2h37): This is walk 30\u00a0in \/Brawn\/. Very easy and on good surfaces, more like a long stroll. But surprisingly interesting.<\/p>\n<p style=\"text-align: center;\"><a href=\"https:\/\/www.islandwalking.com\/wordpress\/wp-content\/uploads\/2012\/03\/DSC00930.jpg\"><img loading=\"lazy\" decoding=\"async\" class=\"aligncenter size-full wp-image-3140\" src=\"https:\/\/www.islandwalking.com\/wordpress\/wp-content\/uploads\/2012\/03\/DSC00930.jpg\" alt=\"DSC00930\" width=\"500\" height=\"333\" srcset=\"https:\/\/www.islandwalking.com\/wordpress\/wp-content\/uploads\/2012\/03\/DSC00930.jpg 500w, https:\/\/www.islandwalking.com\/wordpress\/wp-content\/uploads\/2012\/03\/DSC00930-300x200.jpg 300w\" sizes=\"auto, (max-width: 500px) 100vw, 500px\" \/><\/a><\/p>\n<p><span style=\"font-size: 24pt;\">\u202213\u00a0<\/span>EL PORTILLO &#8211; ARENAS NEGRAS &#8211;\u00a0EL PORTILLO\u00a0(my total time 2h07; 304a 292d; net walking time 1h42): This is walk\u00a031 in \/Brawn\/. A wonderful easy walk with immense views. Some modicum of care has to be taken on the decent.<\/p>\n<p style=\"text-align: center;\"><a href=\"https:\/\/www.islandwalking.com\/wordpress\/wp-content\/uploads\/2012\/03\/DSC00960.jpg\"><img loading=\"lazy\" decoding=\"async\" class=\"aligncenter size-full wp-image-3142\" src=\"https:\/\/www.islandwalking.com\/wordpress\/wp-content\/uploads\/2012\/03\/DSC00960.jpg\" alt=\"DSC00960\" width=\"500\" height=\"333\" srcset=\"https:\/\/www.islandwalking.com\/wordpress\/wp-content\/uploads\/2012\/03\/DSC00960.jpg 500w, https:\/\/www.islandwalking.com\/wordpress\/wp-content\/uploads\/2012\/03\/DSC00960-300x200.jpg 300w\" sizes=\"auto, (max-width: 500px) 100vw, 500px\" \/><\/a><\/p>\n<p><span style=\"font-size: 24pt;\">\u202214\u00a0<\/span>MIRADOR DE LA RULETA &#8211; ROQUES DE GRAC\u00cdA &#8211; MIRADOR LLANO DE UCANCA &#8211; PARADOR DE LAS CA\u00d1ADAS (my total time 2h03; 248a 236d; net walking time 1h39): This is the extended version of walk 62 in <span style=\"white-space: nowrap;\">\/Wolfsperger\/<\/span>.\u00a0For the last part I extended it further by following No. 26 trail all the way to the main road. I believe this is the way to go, you are not supposed to leave the marked trails in this area. This adds a bit of road walking, but the traffic is not horrible and the road is wide. If you want to\u00a0line up with the right-hand side of the Cathedral and the the\u00a0No. 26 trail (and if you feel adventurous), you can follow path fragments and the occasional cairn on the right-hand side of the lava field on your decent. This is where the official No. 3\u00a0trail crosses to the\u00a0left side of the lava field (see my next walk, and also the picture above). You will be descending towards a huge cairn (and a path) down on the plain.<\/p>\n<p style=\"text-align: center;\"><a href=\"https:\/\/www.islandwalking.com\/wordpress\/wp-content\/uploads\/2012\/03\/DSC00978.jpg\"><img loading=\"lazy\" decoding=\"async\" class=\"aligncenter size-full wp-image-3144\" src=\"https:\/\/www.islandwalking.com\/wordpress\/wp-content\/uploads\/2012\/03\/DSC00978.jpg\" alt=\"DSC00978\" width=\"500\" height=\"333\" srcset=\"https:\/\/www.islandwalking.com\/wordpress\/wp-content\/uploads\/2012\/03\/DSC00978.jpg 500w, https:\/\/www.islandwalking.com\/wordpress\/wp-content\/uploads\/2012\/03\/DSC00978-300x200.jpg 300w\" sizes=\"auto, (max-width: 500px) 100vw, 500px\" \/><\/a><\/p>\n<p><span style=\"font-size: 24pt;\">\u202215\u00a0<\/span>MIRADOR DE LA RULETA &#8211; ROQUES DE GRAC\u00cdA &#8211; LA CATEDRAL &#8211; MIRADOR DE LA RULETA (my total time 1h28; 206a 205d; net walking time 1h09): This is walk\u00a011\u00a0i\u00a0<span style=\"white-space: nowrap;\">\/Rochford1\/ (or 33 in \/Brawn\/, or the plain\u00a0walk 62 in <span style=\"white-space: nowrap;\">\/Wolfsperger\/<\/span><\/span>. For a possible extension of this rather short walk see the walk above. Note that you should be following\u00a0the official No. 3\u00a0trail all the way! The only thing a guide book needs to mention about this walk is that you will have to cross\u00a0to the\u00a0left side of the lava field on your decent. This is not at all clear and the entire area is covered with\u00a0cairns, leaving you with a big question mark above your head. There are no No. 3 trail marks either here, not until you are almost down to the plain. Only\u00a0\/Brawn\/ manages to mention\u00a0this. One can really start to question other authors at this point, and why they are writing &#8220;guide&#8221; books in the first place.<\/p>\n<p style=\"text-align: center;\"><a href=\"https:\/\/www.islandwalking.com\/wordpress\/wp-content\/uploads\/2012\/03\/DSC01047.jpg\"><img loading=\"lazy\" decoding=\"async\" class=\"aligncenter size-full wp-image-3146\" src=\"https:\/\/www.islandwalking.com\/wordpress\/wp-content\/uploads\/2012\/03\/DSC01047.jpg\" alt=\"DSC01047\" width=\"500\" height=\"333\" srcset=\"https:\/\/www.islandwalking.com\/wordpress\/wp-content\/uploads\/2012\/03\/DSC01047.jpg 500w, https:\/\/www.islandwalking.com\/wordpress\/wp-content\/uploads\/2012\/03\/DSC01047-300x200.jpg 300w\" sizes=\"auto, (max-width: 500px) 100vw, 500px\" \/><\/a><\/p>\n<p><span style=\"font-size: 24pt;\">\u202216\u00a0<\/span>MOUNT GUAZA (my total time 3h26; 591a 590d; net walking time 2h56):\u00a0This is \/Rochford2\/&#8217;s walk 1. For a simpler and shorter option see \/Brawn\/&#8217;s walk 9 or just follow your own footsteps back from the mountain. My timings start and end at the seaside promenade near my hotel (The H10 Big Sur).<\/p>\n<p>No problems initially on\u00a0this walk, but\u00a0the route back goes wrong in the end. Where\u00a0\/Rochford2\/ tell you to go right (&#8220;next T-Junction, two minutes later&#8221;), you miss the gravel cone and the coastal path marked with white paint blobs\u00a0(and the occasional green), coming onto a more inland route marked in blue. Where this ends you can still get back to the coastal path by going left and over a small hillock.<\/p>\n<p>UPDATE: The text in the 8th edition of\u00a0\/Rochford2\/ is virtually unchanged from the 6th edition, and is still just as confusing to me. Just keep ahead and\/or left(-ish) until you are at the coastal path itself, this is where you eventually turn right.<\/p>\n<p style=\"text-align: center;\"><a href=\"https:\/\/www.islandwalking.com\/wordpress\/wp-content\/uploads\/2012\/03\/DSC01039.jpg\"><img loading=\"lazy\" decoding=\"async\" class=\"aligncenter size-full wp-image-3148\" src=\"https:\/\/www.islandwalking.com\/wordpress\/wp-content\/uploads\/2012\/03\/DSC01039.jpg\" alt=\"DSC01039\" width=\"333\" height=\"500\" srcset=\"https:\/\/www.islandwalking.com\/wordpress\/wp-content\/uploads\/2012\/03\/DSC01039.jpg 333w, https:\/\/www.islandwalking.com\/wordpress\/wp-content\/uploads\/2012\/03\/DSC01039-200x300.jpg 200w\" sizes=\"auto, (max-width: 333px) 100vw, 333px\" \/><\/a><\/p>\n<p><span style=\"font-size: 24pt;\">\u202217\u00a0<\/span>LOS CRISTIANOS &#8211; PALM MAR &#8211; FARO DE RASCA &#8211;\u00a0LOS CRISTIANOS\u00a0(my total time 4h28; 556a 549d; net walking time 3h45):\u00a0This is (part of) \/Wolfsperger\/&#8217;s walk 37, but returning from Faro de Rasca using the alternative return to Los Cristianos taken from walk 8 in \/Brawn\/.\u00a0My timings start and end at the seaside promenade near my hotel (The H10 Big Sur).<\/p>\n<p>Be aware that the descent to Palm Mar\u00a0is SCARY. Also be sure\u00a0that on\u00a0the return you do NOT\u00a0walk that horribly trafficked road from the entrance to Palm Mar. Just cross it (carefully and using\u00a0the pedestrian crossing) and pick up a path over the fields on the other side.<\/p>\n<p><a href=\"https:\/\/www.islandwalking.com\/wordpress\/wp-content\/uploads\/2022\/12\/20221221_103513-scaled.jpg\"><img loading=\"lazy\" decoding=\"async\" class=\"aligncenter wp-image-4888 size-medium\" src=\"https:\/\/www.islandwalking.com\/wordpress\/wp-content\/uploads\/2022\/12\/20221221_103513-300x225.jpg\" alt=\"\" width=\"300\" height=\"225\" srcset=\"https:\/\/www.islandwalking.com\/wordpress\/wp-content\/uploads\/2022\/12\/20221221_103513-300x225.jpg 300w, https:\/\/www.islandwalking.com\/wordpress\/wp-content\/uploads\/2022\/12\/20221221_103513-1024x768.jpg 1024w, https:\/\/www.islandwalking.com\/wordpress\/wp-content\/uploads\/2022\/12\/20221221_103513-768x576.jpg 768w, https:\/\/www.islandwalking.com\/wordpress\/wp-content\/uploads\/2022\/12\/20221221_103513-1536x1152.jpg 1536w, https:\/\/www.islandwalking.com\/wordpress\/wp-content\/uploads\/2022\/12\/20221221_103513-2048x1536.jpg 2048w\" sizes=\"auto, (max-width: 300px) 100vw, 300px\" \/><\/a><\/p>\n<p><span style=\"font-size: 24pt;\"><a href=\"https:\/\/www.islandwalking.com\/wordpress\/wp-content\/uploads\/2024\/06\/Screenshot_20240617_163416_T-Connect.jpg\"><img loading=\"lazy\" decoding=\"async\" class=\"alignleft size-thumbnail wp-image-5110\" src=\"https:\/\/www.islandwalking.com\/wordpress\/wp-content\/uploads\/2024\/06\/Screenshot_20240617_163416_T-Connect-150x150.jpg\" alt=\"\" width=\"150\" height=\"150\" \/><\/a>\u202218 <\/span>PLAYA DE LAS AMERICAS (or LOS CRISTIANOS) &#8211; MONTA\u00d1A CHAYOFITA (0:34; 3054 steps; 2.1km; alt. gain 99m; alt. loss 3m): Strolling to the top of this small mountain is readily available from anywhere in this area, I just timed it from my hotel in Playa de Las Americas (The Cleopatra Palace). The paths up the mountain are from the north side. A short walk, but note that my timings are just for one way. The mountain itself can be traversed in a circular fashion, I chose counter clockwise.<\/p>\n<hr style=\"font-family: Courier New Bold, Courier, monospace;\" \/>\n<p>\u2022\u00a0Good starting points:\u00a0\u2022\u00a0Puerto de la Cruz &#8211; from here buses will take you to most of the northern coast area and also into the Orotava valley and to Las Ca\u00f1adas \u2022\u00a0Santa Cruz &#8211; for easiest access to the northernmost part of the island \u2022\u00a0Los Cristianos &#8211; for the easiest access to the southernmost part<\/p>\n<p>\u2022\u00a0How to get there:\u00a0\u2022\u00a0By air\u00a0\u2022 Some ferries from other Canary islands do exist<\/p>\n<p>\u2022 More info:\u00a0\u2022 <a href=\"http:\/\/www.titsa.com\/\">TITSA<\/a>, bus schedules and info<\/p>\n<\/div>\n<hr style=\"font-family: Courier New Bold, Courier, monospace;\" \/>\n<p style=\"font-family: Courier New Bold, Courier, monospace;\" align=\"left\"><span style=\"font-size: 24pt;\">T<\/span>his page was last modified at March 9, 2026.<\/p>\n<p style=\"font-family: Courier New Bold, Courier, monospace;\" align=\"left\">\u00a91997-2026 <script language=\"JavaScript\">\/\/ <![CDATA[\nvar name = \"harald.haugli\";\nvar s = name + \"@\" + \"islandwalking\" + \".\" + \"com\";\ndocument.write('<a href=\"'); document.write('ma'); document.write('il'); document.write('to:' + s + '\">');\ndocument.write('<i>Harald Haugli\\<\\\/i\\>\\<\\\/a\\>.');\n\/\/ ]]><\/script><\/p>\n","protected":false},"excerpt":{"rendered":"<p>TENERIFE &#8211; Canary Islands You know, the mountain does not come to you, it is you who must go to the mountain. And here you&#8217;ll find it, the magnificent &#8220;El Teide&#8221;&#8230; \ud83d\ude09 For walkers, the northern parts of Tenerife will have what is most interesting, even if the weather might be a little cooler and &hellip; <a class=\"read-excerpt\" href=\"https:\/\/www.islandwalking.com\/wordpress\/other-islands\/tenerife\/\">Continue reading <span class=\"meta-nav\">&raquo;<\/span><\/a><\/p>\n","protected":false},"author":1,"featured_media":1652,"parent":1203,"menu_order":0,"comment_status":"closed","ping_status":"closed","template":"","meta":{"footnotes":""},"class_list":["post-1650","page","type-page","status-publish","has-post-thumbnail","hentry"],"_links":{"self":[{"href":"https:\/\/www.islandwalking.com\/wordpress\/wp-json\/wp\/v2\/pages\/1650","targetHints":{"allow":["GET"]}}],"collection":[{"href":"https:\/\/www.islandwalking.com\/wordpress\/wp-json\/wp\/v2\/pages"}],"about":[{"href":"https:\/\/www.islandwalking.com\/wordpress\/wp-json\/wp\/v2\/types\/page"}],"author":[{"embeddable":true,"href":"https:\/\/www.islandwalking.com\/wordpress\/wp-json\/wp\/v2\/users\/1"}],"replies":[{"embeddable":true,"href":"https:\/\/www.islandwalking.com\/wordpress\/wp-json\/wp\/v2\/comments?post=1650"}],"version-history":[{"count":53,"href":"https:\/\/www.islandwalking.com\/wordpress\/wp-json\/wp\/v2\/pages\/1650\/revisions"}],"predecessor-version":[{"id":5865,"href":"https:\/\/www.islandwalking.com\/wordpress\/wp-json\/wp\/v2\/pages\/1650\/revisions\/5865"}],"up":[{"embeddable":true,"href":"https:\/\/www.islandwalking.com\/wordpress\/wp-json\/wp\/v2\/pages\/1203"}],"wp:featuredmedia":[{"embeddable":true,"href":"https:\/\/www.islandwalking.com\/wordpress\/wp-json\/wp\/v2\/media\/1652"}],"wp:attachment":[{"href":"https:\/\/www.islandwalking.com\/wordpress\/wp-json\/wp\/v2\/media?parent=1650"}],"curies":[{"name":"wp","href":"https:\/\/api.w.org\/{rel}","templated":true}]}}