{"id":1478,"date":"2012-02-28T11:26:10","date_gmt":"2012-02-28T10:26:10","guid":{"rendered":"http:\/\/www.islandwalking.com\/wordpress\/?page_id=1478"},"modified":"2026-02-19T17:10:07","modified_gmt":"2026-02-19T16:10:07","slug":"kalymnos","status":"publish","type":"page","link":"https:\/\/www.islandwalking.com\/wordpress\/greek-islands\/kalymnos\/","title":{"rendered":"Kalymnos"},"content":{"rendered":"<h1 style=\"text-align: center; font-family: Courier New Bold, Courier, monospace;\">\u039a\u03ac\u03bb\u03c5\u03bc\u03bd\u03bf\u03c2 &#8211; Dodecanese<\/h1>\n<div style=\"font-family: Courier New Bold, Courier, monospace;\">\n<p><span style=\"font-size: 24pt;\">K<\/span>alymnos is more or less the perfect Greek island for a walking holiday. Small enough to be cosy, still it has absolutely everything needed. You can walk as short or as long as you like (if you are happy with day hikes at all), and you can make it as tough or as easy as you want. Excellent also for climbing if that is your cup of tea. Throw into the package a good public bus system and the main course is served.<\/p>\n<p><span style=\"font-size: 24pt;\">M<\/span>any nice places to stay, I decided to stay &#8220;in town&#8221;, and rented an entire roof at the Pension Greek House.<\/p>\n<p><span style=\"font-size: 24pt;\">F<\/span>or great Greek food I can recommend the Xefteris Taverna and Pandelis Restaurant (try their spagetti with &#8220;shrimps&#8221; in white sauce).<\/p>\n<p><b>Selected walks:<\/b> For walks on Kalymnos take a look in &#8220;Walks in Kalymnos&#8221; by Lance Chilton (referred to below as <span style=\"white-space: nowrap;\">&#8220;\/Chilton\/&#8221;<\/span>) and &#8220;Samos Patmos Northern Dodecanese&#8221; by Dieter Graf (referred to below as <span style=\"white-space: nowrap;\">&#8220;\/Graf\/&#8221;<\/span>).<\/p>\n<p><span style=\"font-size: 24pt;\">\u20221\u00a0<\/span>P\u00d3THIA &#8211; R\u00cdNA (my total time 3h34, includes stops for photography and drinking; +328m -383m, 1 lap): This is walk 7 in <span style=\"white-space: nowrap;\">\/Chilton\/<\/span>, 34 in <span style=\"white-space: nowrap;\">\/Graf\/<\/span>. My timing starts where the kalderimi starts and does not include the time for actually finding it!<\/p>\n<p>The only slight difficulties on this walk, when it comes to navigation, is where to start it and how to finish it. The kalderimi itself is easy to follow, but requires the ultimate in footwear, as it has large amounts of big loose stones for the most part. Only short stretches are good underfoot.<\/p>\n<p>The &#8220;trick&#8221; in both\u00a0<span style=\"white-space: nowrap;\">\/Chilton\/<\/span> and <span style=\"white-space: nowrap;\">\/Graf\/<\/span> to find your way to the kalderimi by walking via the Archaeological Museum to Ag\u00eda Tri\u00e1da will probably not be very fruitful, especially not early in the morning, as the church courtyard may be closed and locked and you will not be able to pass through. Instead walking two more cross-roads further (north-west) after PASSING the final turn-off right up to the museum did the trick. Taking to the right here, and walking upwards to the north and then starting to curve back right finally brought me to a steep concrete lane diagonally upwards to where you know (and can see) that the kalderimi is starting.<\/p>\n<p>When you eventually are going to cross the Vath\u00ed valley read <span style=\"white-space: nowrap;\">\/Chilton\/&#8217;s<\/span> instructions carefully (<span style=\"white-space: nowrap;\">\/Graf\/<\/span> really has none). Just before the main church there is a staggered cross-roads not mentioned in the book where you go slightly left then right, following the big road sign for the church. The road you just cross here is the one used by the bus, not the one <span style=\"white-space: nowrap;\">\/Chilton\/<\/span> is talking about. After the church you can refer to the map in <span style=\"white-space: nowrap;\">\/Graf\/<\/span> to confirm directions.<\/p>\n<p>Also observe, for the trip back, that the bus now turned around by the supermarket, not in the harbour.<\/p>\n<p><span style=\"font-size: 24pt;\">\u20222 <\/span>KANDO\u00daNI &#8211; AG\u00cdA FOTIN\u00cd &#8211;\u00a0KANDO\u00daNI (my total time 2h13, includes short stops for photography and drinking; +-190m, 1 lap): This is most of walk 3 in <span style=\"white-space: nowrap;\">\/Chilton\/<\/span>. I did not go up to the Stavr\u00f3s Monastery, so add extra time here if you want.<\/p>\n<p>A beautiful short walk.<a name=\"telendos\"><\/a><\/p>\n<p><span style=\"font-size: 24pt;\">\u20223 <\/span>T\u00c9LENDOS (my total time 2h49, includes short stops for photography and drinking, and even a couple of dips in the ocean; +-175m, 1 lap): This is walk 4 in <span style=\"white-space: nowrap;\">\/Chilton\/<\/span> + part of walk 5 (or part of walk 37 in <span style=\"white-space: nowrap;\">\/Graf\/<\/span>, if you want).<\/p>\n<p>A varied walk with many swimming options along the way.<\/p>\n<p>First do \/Chilton\/&#8217;s walk 4, then continue with walk 5 as long as you want before turning back. I just walked so far that I could actually see the chapel at \u00c1gios Konstant\u00ednos, after passing some difficult terrain. The beach was calling&#8230;<\/p>\n<p><span style=\"font-size: 24pt;\">\u20224 <\/span>MYRTI\u00c9S &#8211; KANDO\u00daNI (my total time 1h01, includes stops for photography and drinking; +123m -130m, 1 lap): This is walk 2 in \/Chilton\/.<\/p>\n<p>A small idyllic stroll that should not be missed.<\/p>\n<hr style=\"font-family: Courier New Bold, Courier, monospace;\" \/>\n<p>\u2022\u00a0Good starting points: \u2022\u00a0P\u00f3thia (Kalymnos Town) \u2022\u00a0Kando\u00fani-Plat\u00ed Yial\u00f3s area \u2022\u00a0Melits\u00e1has-Arm\u00e9os area<\/p>\n<p>\u2022\u00a0How to get there: \u2022\u00a0By ferry from some other Dodecanese islands \u2022\u00a0By ferry from the mainland \u2022\u00a0By hydrofoil from some other Dodecanese islands<\/p>\n<p>\u2022\u00a0More info: Sorry, none yet<\/p>\n<\/div>\n<hr style=\"font-family: Courier New Bold, Courier, monospace;\" \/>\n<p style=\"font-family: Courier New Bold, Courier, monospace;\" align=\"left\"><span style=\"font-size: 24pt;\">T<\/span>his page was last modified at February 17, 2026.<\/p>\n<p style=\"font-family: Courier New Bold, Courier, monospace;\" align=\"left\">\u00a92006-2026 <script type=\"text\/javascript\">\/\/ <![CDATA[\nvar name = \"harald.haugli\";\nvar s = name + \"@\" + \"islandwalking\" + \".\" + \"com\";\ndocument.write('<a href=\"'); document.write('ma'); document.write('il'); document.write('to:' + s + '\">');\ndocument.write('<i>Harald Haugli\\<\\\/i\\>\\<\\\/a\\>');\n\/\/ ]]><\/script>.<\/p>\n","protected":false},"excerpt":{"rendered":"<p>\u039a\u03ac\u03bb\u03c5\u03bc\u03bd\u03bf\u03c2 &#8211; Dodecanese Kalymnos is more or less the perfect Greek island for a walking holiday. Small enough to be cosy, still it has absolutely everything needed. You can walk as short or as long as you like (if you are happy with day hikes at all), and you can make it as tough or &hellip; <a class=\"read-excerpt\" href=\"https:\/\/www.islandwalking.com\/wordpress\/greek-islands\/kalymnos\/\">Continue reading <span class=\"meta-nav\">&raquo;<\/span><\/a><\/p>\n","protected":false},"author":1,"featured_media":1480,"parent":1068,"menu_order":0,"comment_status":"closed","ping_status":"closed","template":"","meta":{"footnotes":""},"class_list":["post-1478","page","type-page","status-publish","has-post-thumbnail","hentry"],"_links":{"self":[{"href":"https:\/\/www.islandwalking.com\/wordpress\/wp-json\/wp\/v2\/pages\/1478","targetHints":{"allow":["GET"]}}],"collection":[{"href":"https:\/\/www.islandwalking.com\/wordpress\/wp-json\/wp\/v2\/pages"}],"about":[{"href":"https:\/\/www.islandwalking.com\/wordpress\/wp-json\/wp\/v2\/types\/page"}],"author":[{"embeddable":true,"href":"https:\/\/www.islandwalking.com\/wordpress\/wp-json\/wp\/v2\/users\/1"}],"replies":[{"embeddable":true,"href":"https:\/\/www.islandwalking.com\/wordpress\/wp-json\/wp\/v2\/comments?post=1478"}],"version-history":[{"count":9,"href":"https:\/\/www.islandwalking.com\/wordpress\/wp-json\/wp\/v2\/pages\/1478\/revisions"}],"predecessor-version":[{"id":5736,"href":"https:\/\/www.islandwalking.com\/wordpress\/wp-json\/wp\/v2\/pages\/1478\/revisions\/5736"}],"up":[{"embeddable":true,"href":"https:\/\/www.islandwalking.com\/wordpress\/wp-json\/wp\/v2\/pages\/1068"}],"wp:featuredmedia":[{"embeddable":true,"href":"https:\/\/www.islandwalking.com\/wordpress\/wp-json\/wp\/v2\/media\/1480"}],"wp:attachment":[{"href":"https:\/\/www.islandwalking.com\/wordpress\/wp-json\/wp\/v2\/media?parent=1478"}],"curies":[{"name":"wp","href":"https:\/\/api.w.org\/{rel}","templated":true}]}}