{"id":1360,"date":"2012-02-24T21:22:16","date_gmt":"2012-02-24T20:22:16","guid":{"rendered":"http:\/\/www.islandwalking.com\/wordpress\/?page_id=1360"},"modified":"2026-02-19T17:21:44","modified_gmt":"2026-02-19T16:21:44","slug":"kea","status":"publish","type":"page","link":"https:\/\/www.islandwalking.com\/wordpress\/greek-islands\/kea\/","title":{"rendered":"Kea"},"content":{"rendered":"<h1 style=\"font-family: Courier New Bold, Courier, monospace;\" align=\"center\">\u039a\u03ad\u03b1 (\u03a4\u03b6\u03b9\u03ac) &#8211; Cyclades<\/h1>\n<div style=\"font-family: Courier New Bold, Courier, monospace;\">\n<p><span style=\"font-size: 24pt;\">K<\/span>ea is an island that is not affected by tourism in any large scale. Instead it is covered by holiday homes of the\u00a0wealthy Greek. Many people know nothing about this island except that they will have heard of its famous lion (luckily this one is of the friendly kind).<\/p>\n<p><span style=\"font-size: 24pt;\">T<\/span>he island is relatively green for a cycladic island, and you can do many beautiful walks. Also unusually, it has several &#8220;official&#8221; walks which are both signposted and marked. Unfortunately the rudimentary bus service makes these walks less accessible than they could have been.<\/p>\n<p><span style=\"font-size: 24pt;\">T<\/span>he fairly peaceful port village and the beautiful hill Ch\u00f3ra are both well worth a visit.<\/p>\n<p><b>Selected walks:<\/b> For possible walks on this island see <a href=\"http:\/\/www.cycladen.be\/KeaEng.htm\">Walking, hiking and trekking on KEA<\/a> by Raymond Verdoolaege. Good Anavasi (1:25000) and Road Editions (1:40000) maps exist. Also check out &#8220;Santorini, Sifnos and the Western &amp; Southern Cyclades&#8221; by Dieter Graf (referred to below as &#8220;\/Graf\/&#8221;).<\/p>\n<p style=\"text-align: center;\"><a href=\"https:\/\/www.islandwalking.com\/wordpress\/wp-content\/uploads\/2022\/09\/20220921_090144-scaled.jpg\"><img loading=\"lazy\" decoding=\"async\" class=\"aligncenter size-medium wp-image-4855\" src=\"https:\/\/www.islandwalking.com\/wordpress\/wp-content\/uploads\/2022\/09\/20220921_090144-225x300.jpg\" alt=\"\" width=\"225\" height=\"300\" srcset=\"https:\/\/www.islandwalking.com\/wordpress\/wp-content\/uploads\/2022\/09\/20220921_090144-225x300.jpg 225w, https:\/\/www.islandwalking.com\/wordpress\/wp-content\/uploads\/2022\/09\/20220921_090144-768x1024.jpg 768w, https:\/\/www.islandwalking.com\/wordpress\/wp-content\/uploads\/2022\/09\/20220921_090144-1152x1536.jpg 1152w, https:\/\/www.islandwalking.com\/wordpress\/wp-content\/uploads\/2022\/09\/20220921_090144-1536x2048.jpg 1536w, https:\/\/www.islandwalking.com\/wordpress\/wp-content\/uploads\/2022\/09\/20220921_090144-scaled.jpg 1920w\" sizes=\"auto, (max-width: 225px) 100vw, 225px\" \/><\/a><\/p>\n<p><span style=\"font-size: 24pt;\">\u20221 <\/span>KORISS\u00cdA &#8211; IOUL\u00cdDA (1:04; 6353 steps; 5.1km; alt. gain 260m; alt. loss 17m): Stroll up the river bed to Milop\u00f3tamos, then take the kalder\u00edmi from there. This (still nice) transport stretch will no doubt be walked many times on a visit to this island&#8230;<\/p>\n<p><a href=\"https:\/\/www.islandwalking.com\/wordpress\/wp-content\/uploads\/2022\/09\/20220919_112140-scaled.jpg\"><img loading=\"lazy\" decoding=\"async\" class=\"aligncenter size-medium wp-image-4857\" src=\"https:\/\/www.islandwalking.com\/wordpress\/wp-content\/uploads\/2022\/09\/20220919_112140-300x225.jpg\" alt=\"\" width=\"300\" height=\"225\" srcset=\"https:\/\/www.islandwalking.com\/wordpress\/wp-content\/uploads\/2022\/09\/20220919_112140-300x225.jpg 300w, https:\/\/www.islandwalking.com\/wordpress\/wp-content\/uploads\/2022\/09\/20220919_112140-1024x768.jpg 1024w, https:\/\/www.islandwalking.com\/wordpress\/wp-content\/uploads\/2022\/09\/20220919_112140-768x576.jpg 768w, https:\/\/www.islandwalking.com\/wordpress\/wp-content\/uploads\/2022\/09\/20220919_112140-1536x1152.jpg 1536w, https:\/\/www.islandwalking.com\/wordpress\/wp-content\/uploads\/2022\/09\/20220919_112140-2048x1536.jpg 2048w\" sizes=\"auto, (max-width: 300px) 100vw, 300px\" \/><\/a><\/p>\n<p><span style=\"font-size: 24pt;\">\u20222\u00a0<\/span>IOUL\u00cdDA &#8211; &#8220;LE\u00d3N&#8221; &#8211; VOURK\u00c1RI (2:20; 10961 steps; 8.8km; alt. gain 151m; alt. loss 451m): This is walk 32 in \/Graf\/ using the alternative of going straight to Vourk\u00e1ri, where you will find pleasant tavernas. It is also official walk 1 on the island. If you are here just for the lion an idyllic stroll from the Ch\u00f3ra and back will do the trick. Signed and impossible to miss. For general directions you can e.g refer to the Ch\u00f3ra map you find in &#8220;Greek Island Hopping&#8221; by Frewin Poffley. But the preferred walk, instead of returning back to Ch\u00f3ra, follow \/Graf\/ and continue all the way to Koriss\u00eda (i.e you end up at Vourk\u00e1ri where you can just stroll to the port, after the obligatory taverna visit).<\/p>\n<p><a href=\"https:\/\/www.islandwalking.com\/wordpress\/wp-content\/uploads\/2022\/09\/20220921_090106-scaled.jpg\"><img loading=\"lazy\" decoding=\"async\" class=\"aligncenter size-medium wp-image-4858\" src=\"https:\/\/www.islandwalking.com\/wordpress\/wp-content\/uploads\/2022\/09\/20220921_090106-225x300.jpg\" alt=\"\" width=\"225\" height=\"300\" srcset=\"https:\/\/www.islandwalking.com\/wordpress\/wp-content\/uploads\/2022\/09\/20220921_090106-225x300.jpg 225w, https:\/\/www.islandwalking.com\/wordpress\/wp-content\/uploads\/2022\/09\/20220921_090106-768x1024.jpg 768w, https:\/\/www.islandwalking.com\/wordpress\/wp-content\/uploads\/2022\/09\/20220921_090106-1152x1536.jpg 1152w, https:\/\/www.islandwalking.com\/wordpress\/wp-content\/uploads\/2022\/09\/20220921_090106-1536x2048.jpg 1536w, https:\/\/www.islandwalking.com\/wordpress\/wp-content\/uploads\/2022\/09\/20220921_090106-scaled.jpg 1920w\" sizes=\"auto, (max-width: 225px) 100vw, 225px\" \/><\/a><\/p>\n<p><span style=\"font-size: 24pt;\">\u20223\u00a0<\/span>IOUL\u00cdDA &#8211; KORISS\u00cdA (2:08; 9641 steps; 7.7km; alt. gain 148m; alt. loss 400m): This is an attempt at walk 31 in \/Graf\/, but skipping the Fl\u00e9a part that I kept for another day (see walk 4 below). Initially the walk is very nice, but after crossing the road it soon turned out it was impossible to continue. The path was both overgrown and filled with debris, obviously not used for decades. Instead use e.g the Topo map to find the old monastery close by and continue from there. This route actually skips ALL road walking, you just pass straight over it to find the access road. From the monastery it looked easiest to descend on terraces until it was ok to cross over the valley to pick up a walled footpath from there. You should be able to see an opening in the wall. Note that this path is also badly maintained and pretty rough, but still passable. This way you can get yourself fairly safely down to Ag. Konstantinos. However I cannot after all recommend this walk. Exhausted when I finally reached Milop\u00f3tamos, instead of following the sign towards the water mills (see above) I just cut straight back to Koriss\u00eda.<\/p>\n<p><a href=\"https:\/\/www.islandwalking.com\/wordpress\/wp-content\/uploads\/2022\/09\/20220921_092221-scaled.jpg\"><img loading=\"lazy\" decoding=\"async\" class=\"aligncenter size-medium wp-image-4862\" src=\"https:\/\/www.islandwalking.com\/wordpress\/wp-content\/uploads\/2022\/09\/20220921_092221-225x300.jpg\" alt=\"\" width=\"225\" height=\"300\" srcset=\"https:\/\/www.islandwalking.com\/wordpress\/wp-content\/uploads\/2022\/09\/20220921_092221-225x300.jpg 225w, https:\/\/www.islandwalking.com\/wordpress\/wp-content\/uploads\/2022\/09\/20220921_092221-768x1024.jpg 768w, https:\/\/www.islandwalking.com\/wordpress\/wp-content\/uploads\/2022\/09\/20220921_092221-1152x1536.jpg 1152w, https:\/\/www.islandwalking.com\/wordpress\/wp-content\/uploads\/2022\/09\/20220921_092221-1536x2048.jpg 1536w, https:\/\/www.islandwalking.com\/wordpress\/wp-content\/uploads\/2022\/09\/20220921_092221-scaled.jpg 1920w\" sizes=\"auto, (max-width: 225px) 100vw, 225px\" \/><\/a><\/p>\n<p><span style=\"font-size: 24pt;\">\u20224 <\/span>KORISS\u00cdA &#8211; MILOP\u00d3TAMOS &#8211; FL\u00c9A &#8211; STAVR\u00d3S &#8211; KORISS\u00cdA (1:54; 10112 steps; 8.1km; alt. gain 242m; alt. loss 245m): Here we do the final parts of walk 31 in \/Graf\/ (see walk 3 above), making it a nice round trip from Koriss\u00eda. An easy walk, just take care to find the marked continuation at all times. Navigation in the valley can be semi-confusing at points. Be sure to pass to the RIGHT of a house you suddenly encounter (with a dog sign, scary&#8230;), then immediately curving upwards to the left to find the valve (see picture above). The rest of the walk is very easy, following various roads.<\/p>\n<p><a href=\"https:\/\/www.islandwalking.com\/wordpress\/wp-content\/uploads\/2022\/09\/20220920_101544-scaled.jpg\"><img loading=\"lazy\" decoding=\"async\" class=\"aligncenter size-medium wp-image-4866\" src=\"https:\/\/www.islandwalking.com\/wordpress\/wp-content\/uploads\/2022\/09\/20220920_101544-300x225.jpg\" alt=\"\" width=\"300\" height=\"225\" srcset=\"https:\/\/www.islandwalking.com\/wordpress\/wp-content\/uploads\/2022\/09\/20220920_101544-300x225.jpg 300w, https:\/\/www.islandwalking.com\/wordpress\/wp-content\/uploads\/2022\/09\/20220920_101544-1024x768.jpg 1024w, https:\/\/www.islandwalking.com\/wordpress\/wp-content\/uploads\/2022\/09\/20220920_101544-768x576.jpg 768w, https:\/\/www.islandwalking.com\/wordpress\/wp-content\/uploads\/2022\/09\/20220920_101544-1536x1152.jpg 1536w, https:\/\/www.islandwalking.com\/wordpress\/wp-content\/uploads\/2022\/09\/20220920_101544-2048x1536.jpg 2048w\" sizes=\"auto, (max-width: 300px) 100vw, 300px\" \/><\/a><\/p>\n<p><span style=\"font-size: 24pt;\">\u20225 <\/span>KORISS\u00cdA &#8211; IOUL\u00cdDA (via K\u00d3MI) (2:42; 12314 steps; 9.9km; alt. gain 547m; alt. loss 252m): This is an attempt at following the official walk 2 on the island all the way up to the Ch\u00f3ra. Use e.g the Topo map to find your way. As it turned out the marks and signs were not enough&#8230; On the road just after Ag. Konstantinos walk 2 goes steeply down into the valley. Very steeply. This path is not maintained and is actually a bit dangerous. I do not understand why this is still an official walk in this condition. A stretch is even mostly obliterated by road building and you will have to do a balance act on rather unsteady rocks. Up the valley from K\u00f3mi on the other side is also rough. Then you encounter a road with a number 2 sign, and no obvious continuation except for that very road. Right? Wrong. No more signs for this walk were ever found, and I continued on roads until I eventually picked up official walk 1 and could retrace my steps from my walk 2 above (i.e in reverse) to finally get myself to the Ch\u00f3ra. A very long detour&#8230; I wrapped up the &#8220;lost&#8221; parts in my walk 6 below.<\/p>\n<p><a href=\"https:\/\/www.islandwalking.com\/wordpress\/wp-content\/uploads\/2022\/09\/20220923_100905-scaled.jpg\"><img loading=\"lazy\" decoding=\"async\" class=\"aligncenter size-medium wp-image-4869\" src=\"https:\/\/www.islandwalking.com\/wordpress\/wp-content\/uploads\/2022\/09\/20220923_100905-225x300.jpg\" alt=\"\" width=\"225\" height=\"300\" srcset=\"https:\/\/www.islandwalking.com\/wordpress\/wp-content\/uploads\/2022\/09\/20220923_100905-225x300.jpg 225w, https:\/\/www.islandwalking.com\/wordpress\/wp-content\/uploads\/2022\/09\/20220923_100905-768x1024.jpg 768w, https:\/\/www.islandwalking.com\/wordpress\/wp-content\/uploads\/2022\/09\/20220923_100905-1152x1536.jpg 1152w, https:\/\/www.islandwalking.com\/wordpress\/wp-content\/uploads\/2022\/09\/20220923_100905-1536x2048.jpg 1536w, https:\/\/www.islandwalking.com\/wordpress\/wp-content\/uploads\/2022\/09\/20220923_100905-scaled.jpg 1920w\" sizes=\"auto, (max-width: 225px) 100vw, 225px\" \/><\/a><\/p>\n<p><span style=\"font-size: 24pt;\">\u20226 <\/span>KORISS\u00cdA &#8211; IOUL\u00cdDA (via GIALISK\u00c1RI and FOTIM\u00c1RI) (2:19; 9785 steps; 7.8km; alt. gain 577m; alt. loss 321m): This follows the remaining parts of official walk 2 on the island (the parts not covered by my walk 5 above). The initial parts of the walk strolls some back roads to get back to the crucial point above K\u00f3mi. Use e.g the Topo map to find your way. So you are not supposed the enter that road above K\u00f3mi after all even though it is marked with a number 2 sign. Instead you must hunt out the hidden continuation (see picture above) behind some cliffs and walls OR even continue right on a completely overgrown section just before hitting the road.<\/p>\n<p><a href=\"https:\/\/www.islandwalking.com\/wordpress\/wp-content\/uploads\/2022\/09\/20220922_110840-scaled.jpg\"><img loading=\"lazy\" decoding=\"async\" class=\"aligncenter size-medium wp-image-4873\" src=\"https:\/\/www.islandwalking.com\/wordpress\/wp-content\/uploads\/2022\/09\/20220922_110840-300x225.jpg\" alt=\"\" width=\"300\" height=\"225\" srcset=\"https:\/\/www.islandwalking.com\/wordpress\/wp-content\/uploads\/2022\/09\/20220922_110840-300x225.jpg 300w, https:\/\/www.islandwalking.com\/wordpress\/wp-content\/uploads\/2022\/09\/20220922_110840-1024x768.jpg 1024w, https:\/\/www.islandwalking.com\/wordpress\/wp-content\/uploads\/2022\/09\/20220922_110840-768x576.jpg 768w, https:\/\/www.islandwalking.com\/wordpress\/wp-content\/uploads\/2022\/09\/20220922_110840-1536x1152.jpg 1536w, https:\/\/www.islandwalking.com\/wordpress\/wp-content\/uploads\/2022\/09\/20220922_110840-2048x1536.jpg 2048w\" sizes=\"auto, (max-width: 300px) 100vw, 300px\" \/><\/a><\/p>\n<p><span style=\"font-size: 24pt;\">\u20227 <\/span>CIRCUIT ABOVE IOUL\u00cdDA (3:14; 14984 steps; 12.0km; alt. gain 584m; alt. loss 594m): This is walk 34 in \/Graf\/, an absolutely wonderful walk that comes with my warmest recommendations. However, there are lots of instructions in the book, most of which seems completely unnecessary or even confusing, as many details can never actually be seen. But it should take little effort to find your way, the route ahead is mostly obvious.<\/p>\n<hr style=\"font-family: Courier New Bold, Courier, monospace;\" \/>\n<p>\u2022\u00a0Good starting points:\u00a0\u2022 Koriss\u00eda &#8211; the port village \u2022 Ioul\u00edda &#8211; the\u00a0Ch\u00f3ra<\/p>\n<p>\u2022\u00a0How to get there:\u00a0<span style=\"white-space: nowrap;\">\u2022 By<\/span> the odd ferry from some islands in the Cyclades North<span style=\"white-space: nowrap;\"> \u2022 By<\/span> ferry from some other islands in the Cyclades West, most notably Kythnos <span style=\"white-space: nowrap;\">\u2022 By<\/span> the odd ferry from some islands in the Cyclades Central <span style=\"white-space: nowrap;\">\u2022 By<\/span> ferry from the mainland at Lavrio, usually two departures daily<\/p>\n<p>\u2022\u00a0More info:\u00a0<span style=\"white-space: nowrap;\">\u2022 <a href=\"http:\/\/www.cycladen.be\/KeaEng.htm\">Walking, hiking and trekking on KEA<\/a><\/span> by Raymond Verdoolaege<span style=\"white-space: nowrap;\"> \u2022 <a href=\"https:\/\/destinationkea.com\/en\/adventure-tourism\/pathways\/\">PATHWAYS &#8211; KEA<\/a><\/span> by <a href=\"https:\/\/destinationkea.com\/en\/\">Destination Kea<\/a><\/p>\n<\/div>\n<hr style=\"font-family: Courier New Bold, Courier, monospace;\" \/>\n<p style=\"font-family: Courier New Bold, Courier, monospace;\" align=\"left\"><span style=\"font-size: 24pt;\">T<\/span>his page was last modified at February 19, 2026.<\/p>\n<p style=\"font-family: Courier New Bold, Courier, monospace;\" align=\"left\">\u00a92007-2026 <script language=\"JavaScript\" type=\"text\/javascript\">\nvar name = \"harald.haugli\";\nvar s = name + \"@\" + \"islandwalking\" + \".\" + \"com\";\ndocument.write('<a href=\"'); document.write('ma'); document.write('il'); document.write('to:' + s + '\">');\ndocument.write('<i>Harald Haugli\\<\\\/i\\>\\<\\\/a\\>');\n<\/script>.<\/p>\n","protected":false},"excerpt":{"rendered":"<p>\u039a\u03ad\u03b1 (\u03a4\u03b6\u03b9\u03ac) &#8211; Cyclades Kea is an island that is not affected by tourism in any large scale. Instead it is covered by holiday homes of the\u00a0wealthy Greek. Many people know nothing about this island except that they will have heard of its famous lion (luckily this one is of the friendly kind). The island &hellip; <a class=\"read-excerpt\" href=\"https:\/\/www.islandwalking.com\/wordpress\/greek-islands\/kea\/\">Continue reading <span class=\"meta-nav\">&raquo;<\/span><\/a><\/p>\n","protected":false},"author":1,"featured_media":1362,"parent":1068,"menu_order":0,"comment_status":"closed","ping_status":"closed","template":"","meta":{"footnotes":""},"class_list":["post-1360","page","type-page","status-publish","has-post-thumbnail","hentry"],"_links":{"self":[{"href":"https:\/\/www.islandwalking.com\/wordpress\/wp-json\/wp\/v2\/pages\/1360","targetHints":{"allow":["GET"]}}],"collection":[{"href":"https:\/\/www.islandwalking.com\/wordpress\/wp-json\/wp\/v2\/pages"}],"about":[{"href":"https:\/\/www.islandwalking.com\/wordpress\/wp-json\/wp\/v2\/types\/page"}],"author":[{"embeddable":true,"href":"https:\/\/www.islandwalking.com\/wordpress\/wp-json\/wp\/v2\/users\/1"}],"replies":[{"embeddable":true,"href":"https:\/\/www.islandwalking.com\/wordpress\/wp-json\/wp\/v2\/comments?post=1360"}],"version-history":[{"count":31,"href":"https:\/\/www.islandwalking.com\/wordpress\/wp-json\/wp\/v2\/pages\/1360\/revisions"}],"predecessor-version":[{"id":5740,"href":"https:\/\/www.islandwalking.com\/wordpress\/wp-json\/wp\/v2\/pages\/1360\/revisions\/5740"}],"up":[{"embeddable":true,"href":"https:\/\/www.islandwalking.com\/wordpress\/wp-json\/wp\/v2\/pages\/1068"}],"wp:featuredmedia":[{"embeddable":true,"href":"https:\/\/www.islandwalking.com\/wordpress\/wp-json\/wp\/v2\/media\/1362"}],"wp:attachment":[{"href":"https:\/\/www.islandwalking.com\/wordpress\/wp-json\/wp\/v2\/media?parent=1360"}],"curies":[{"name":"wp","href":"https:\/\/api.w.org\/{rel}","templated":true}]}}