{"id":1342,"date":"2012-02-23T19:11:59","date_gmt":"2012-02-23T18:11:59","guid":{"rendered":"http:\/\/www.islandwalking.com\/wordpress\/?page_id=1342"},"modified":"2026-02-27T16:25:42","modified_gmt":"2026-02-27T15:25:42","slug":"serifos","status":"publish","type":"page","link":"https:\/\/www.islandwalking.com\/wordpress\/greek-islands\/serifos\/","title":{"rendered":"Serifos"},"content":{"rendered":"<h1 style=\"font-family: Courier New Bold, Courier, monospace;\" align=\"center\">\u03a3\u03ad\u03c1\u03b9\u03c6\u03bf\u03c2 &#8211; Cyclades<\/h1>\n<div style=\"font-family: Courier New Bold, Courier, monospace;\">\n<p><span style=\"font-size: 24pt;\">S<\/span>erifos is pretty spectacular. With its many mountains and the old Ch\u00f3ra on the hill behind the port of\u00a0Liv\u00e1di, it is a sight you won&#8217;t forget.<\/p>\n<p><span style=\"font-size: 24pt;\">B<\/span>eware that the waterfront and surroundings are supposedly plagued by mosquitoes. On my stay I did not notice\u00a0any, but my room (at the newly refurbished Captain George&#8217;s, comes with my recommendation) was equipped with all sorts of remedies. Obviously for a reason. Be sure you also have this in place.<\/p>\n<p><span style=\"font-size: 24pt;\">T<\/span>he island has several good walks and one breathtaking kalder\u00edmi that must not be missed (See walk 4 below). The most impressive one in the entire Aegean? Many footpaths are also signposted and marked now.<\/p>\n<p><b>Selected walks:<\/b> For walks on Serifos take a look in &#8220;Trekking in Greece&#8221; by Marc Dubin (out of print), &#8220;Walking the Aegean Islands&#8221; by Dieter Graf (referred to below as &#8220;<span style=\"white-space: nowrap;\"><span style=\"white-space: nowrap;\">\/Graf\/<\/span><\/span>&#8220;) or his newer &#8220;Santorini, Sifnos and the Western &amp; Southern Cyclades&#8221;, which should be more up-to-date. On the web visit <a href=\"http:\/\/www.cycladen.be\/SerifosEng.htm\">Walking, hiking and trekking on SERIFOS<\/a> by Raymond Verdoolaege (referred to below as &#8220;<span style=\"white-space: nowrap;\">\/RV\/<\/span>&#8220;). Good Road Editions (1:25000) and Anavasi (1:20000) maps exist.<\/p>\n<p><span style=\"font-size: 24pt;\">\u20221\u00a0<\/span>LIV\u00c1DI &#8211; CH\u00d3RA (duration about 50 mins one way): Even if you do not do it as part of some longer walk, you should not miss\u00a0this. Just follow the donkey steps up to town. A more detailed description of the walk can be found in <span style=\"white-space: nowrap;\">\/RV\/<\/span>. Walk or take the bus back. There are frequent buses between the Ch\u00f3ra and the port.<\/p>\n<p><span style=\"font-size: 24pt;\">\u20222\u00a0<\/span>LIV\u00c1DI &#8211; KAR\u00c1VI (my total time 0h18, even includes stop for a couple of photographs; +-47m, 0 laps): A short stroll west from the port will take you to the formerly very quiet nudist beach at Kar\u00e1vi. From the port take the stair street over the first headland, then stroll past Livad\u00e1ki beach, then continue over the next headland on the dusty track. Today the beach is backed by a dozen new holiday homes, and more are on the way&#8230; The idyll is destroyed and its days as a nude beach must surely be numbered. I have had this small stroll on this page for years, but I will now keep it more as a warning than a recommendation. The first beach at Livad\u00e1ki are much more tempting now, and there is a very nice taverna behind it where you can eat in a beautiful garden.<\/p>\n<p><span style=\"font-size: 24pt;\">\u20223\u00a0<\/span>LIV\u00c1DI &#8211; CH\u00d3RA &#8211; PSIL\u00cd AMMOS &#8211;\u00a0LIV\u00c1DI (my total time 4h17, includes stops for photography, drinking and a swim in the ocean; +-531m; 3 laps): This is walk 40 in <span style=\"white-space: nowrap;\">\/Graf\/<\/span>. A similar walk can be found as walk 6 in <span style=\"white-space: nowrap;\">\/RV\/<\/span>. I think the route followed in <span style=\"white-space: nowrap;\">\/Graf\/<\/span> is a bit more interesting, this crosses no less than three bridges, instead of just one.<\/p>\n<p>It is not too simple to follow the text <span style=\"white-space: nowrap;\">\/Graf\/<\/span> at all points though, you can start suspecting that Dieter Graf is not a member of any Writers&#8217; Association.<\/p>\n<p>In spite of what the book says you must first go right and down towards the cemetery below Ch\u00f3ra, then take a left (straight ahead in a curve) on an overgrown track. This track\/footpath will go straight to the first bridge.<\/p>\n<p>After the &#8220;peppermint bushes&#8221; DO NOT take the path on the right. Just follow the main trail as it veers right.<\/p>\n<p><span style=\"white-space: nowrap;\">\/RV\/<\/span> will tell you about the new dam that is being built across the path. This does not constitute a problem now (2007) that it is finished. Just follow the trodden path and cross on the dam wall itself.<\/p>\n<p>For the return to Liv\u00e1di see alternatives in <span style=\"white-space: nowrap;\">\/RV\/<\/span>.<\/p>\n<p>Also take a look at the 2005 Updates mentioned above.<\/p>\n<p><span style=\"font-size: 24pt;\">\u20224\u00a0<\/span>CH\u00d3RA &#8211; STAVR\u00d3S &#8211; P\u00ddRGOS &#8211; PANAGI\u00c1 &#8211; CH\u00d3RA (my total time 4h41, includes stops for photography and drinking; +-750m; 3 laps): The description for the entire walk can be found as walk 4 in <span style=\"white-space: nowrap;\">\/RV\/<\/span>. A very nice walk, but overgrown and a little difficult to figure out at points. And talk about grand finale!<\/p>\n<p>Towards P\u00fdrgos: &#8220;this trail continues between a wall and a metal fence&#8221;. I could not see this at all, and after a short while the track became toally overgrown. I had to cross terraces towards the village as best as I could following animal traces. Afterwards a steep footpath came in from above. I could follow this one a short while down before needing to cross over more land to continue in the direction of the well. Just before the well a path again materialized (as promised).<\/p>\n<p>The upper part of the kalder\u00edmi above Panagi\u00e1 is being destroyed by the building of a new holiday house. Hopefully it will still be possible to pass, but you will have to go right on the access track here before reaching the main road.<\/p>\n<p>The kalder\u00edmi back down towards Ch\u00f3ra is beyond words (see picture above). It is built up several meters on one side.<\/p>\n<hr style=\"font-family: Courier New Bold, Courier, monospace;\" \/>\n<p>\u2022\u00a0Good starting points:\u00a0\u2022 Liv\u00e1di &#8211; most walks can be started from here, using the bus if necessary \u2022 Ch\u00f3ra &#8211; most walks can be started from here, using the bus if necessary<\/p>\n<p>\u2022\u00a0How to get there:\u00a0\u2022 By ferry from other islands in the Cyclades West\u00a0\u2022 By ferry from some islands in the Cyclades Central\u00a0\u2022 By ferry from the mainland\u00a0\u2022 By\u00a0speedboat from some Cycladic islands<\/p>\n<p>\u2022\u00a0More info:\u00a0\u2022 <a href=\"http:\/\/www.cycladen.be\/SerifosEng.htm\">Walking, hiking and trekking on SERIFOS<\/a> by Raymond Verdoolaege<\/p>\n<\/div>\n<hr style=\"font-family: Courier New Bold, Courier, monospace;\" \/>\n<p style=\"font-family: Courier New Bold, Courier, monospace;\" align=\"left\"><span style=\"font-size: 24pt;\">T<\/span>his page was last modified at February 27, 2026.<\/p>\n<p style=\"font-family: Courier New Bold, Courier, monospace;\" align=\"left\">\u00a91997-2026 <script language=\"JavaScript\" type=\"text\/javascript\">\nvar name = \"harald.haugli\";\nvar s = name + \"@\" + \"islandwalking\" + \".\" + \"com\";\ndocument.write('<a href=\"'); document.write('ma'); document.write('il'); document.write('to:' + s + '\">');\ndocument.write('<i>Harald Haugli\\<\\\/i\\>\\<\\\/a\\>');\n<\/script>.<\/p>\n","protected":false},"excerpt":{"rendered":"<p>\u03a3\u03ad\u03c1\u03b9\u03c6\u03bf\u03c2 &#8211; Cyclades Serifos is pretty spectacular. With its many mountains and the old Ch\u00f3ra on the hill behind the port of\u00a0Liv\u00e1di, it is a sight you won&#8217;t forget. Beware that the waterfront and surroundings are supposedly plagued by mosquitoes. On my stay I did not notice\u00a0any, but my room (at the newly refurbished Captain &hellip; <a class=\"read-excerpt\" href=\"https:\/\/www.islandwalking.com\/wordpress\/greek-islands\/serifos\/\">Continue reading <span class=\"meta-nav\">&raquo;<\/span><\/a><\/p>\n","protected":false},"author":1,"featured_media":1346,"parent":1068,"menu_order":0,"comment_status":"closed","ping_status":"closed","template":"","meta":{"footnotes":""},"class_list":["post-1342","page","type-page","status-publish","has-post-thumbnail","hentry"],"_links":{"self":[{"href":"https:\/\/www.islandwalking.com\/wordpress\/wp-json\/wp\/v2\/pages\/1342","targetHints":{"allow":["GET"]}}],"collection":[{"href":"https:\/\/www.islandwalking.com\/wordpress\/wp-json\/wp\/v2\/pages"}],"about":[{"href":"https:\/\/www.islandwalking.com\/wordpress\/wp-json\/wp\/v2\/types\/page"}],"author":[{"embeddable":true,"href":"https:\/\/www.islandwalking.com\/wordpress\/wp-json\/wp\/v2\/users\/1"}],"replies":[{"embeddable":true,"href":"https:\/\/www.islandwalking.com\/wordpress\/wp-json\/wp\/v2\/comments?post=1342"}],"version-history":[{"count":9,"href":"https:\/\/www.islandwalking.com\/wordpress\/wp-json\/wp\/v2\/pages\/1342\/revisions"}],"predecessor-version":[{"id":5772,"href":"https:\/\/www.islandwalking.com\/wordpress\/wp-json\/wp\/v2\/pages\/1342\/revisions\/5772"}],"up":[{"embeddable":true,"href":"https:\/\/www.islandwalking.com\/wordpress\/wp-json\/wp\/v2\/pages\/1068"}],"wp:featuredmedia":[{"embeddable":true,"href":"https:\/\/www.islandwalking.com\/wordpress\/wp-json\/wp\/v2\/media\/1346"}],"wp:attachment":[{"href":"https:\/\/www.islandwalking.com\/wordpress\/wp-json\/wp\/v2\/media?parent=1342"}],"curies":[{"name":"wp","href":"https:\/\/api.w.org\/{rel}","templated":true}]}}